e
Let b(z) = -3*z**2 + 12*z + 5. Let w be b(4). Suppose 0 = -w*i + 4*i - 3. Is 26151/46*(-2)/i prime?
True
Suppose -2*x + 6*x = 0. Let v(c) = c. Let u be v(x). Suppose u = -6*f + 4677 + 1257. Is f prime?
False
Suppose -4*n + 5*r = -12 - 8, 5*n - 25 = 2*r. Suppose 5*w = n*l - 90, w = -3*l + 32 + 6. Let i(c) = -c**3 + 18*c**2 - 4*c + 17. Is i(l) a prime number?
False
Suppose -t - 2*t - j + 30 = 0, 0 = -3*t + 4*j + 30. Is 75/125 - (-178024)/t a composite number?
True
Let q(s) = -s + 43. Let g(d) = d - 42. Let c(j) = 4*g(j) + 5*q(j). Let n be c(23). Suppose -805 = n*t - 29*t. Is t a prime number?
False
Let u = -5711 + 9052. Is u a composite number?
True
Let y = 1133 + 458. Is y composite?
True
Let w(q) = 2970*q - 1. Let d(c) = 991*c. Let v(a) = 8*d(a) - 3*w(a). Is v(-1) composite?
True
Let q be (-27)/3 - (2 - 1). Let n be 3 + 6/9 + q/6. Suppose -2*j - 3*j + 326 = -m, 3*j = n*m + 197. Is j composite?
True
Let j = -46289 + 126928. Is j prime?
False
Let m(f) = -f**2 - 2*f + 2. Let p be m(0). Suppose p*z + 54 = -u, 0*z - 108 = 4*z + 3*u. Is 6/z + 24347/9 a prime number?
False
Let s = 110715 - 67798. Is s composite?
True
Let k(v) = -330942*v**3 + 11*v**2 + 10*v. Is k(-1) a prime number?
True
Let k(q) be the first derivative of -3*q**4/2 + 3*q**3 + 15*q**2/2 + 13*q + 64. Suppose 9*h = 10*h + 6. Is k(h) composite?
False
Let u(f) = 2*f**2 - 2*f. Let n be u(-2). Suppose 2*x + 62960 = n*x. Suppose 17*w + x = 25*w. Is w prime?
True
Let r(h) = 807*h**2 - 393*h - 23. Is r(11) a prime number?
False
Let t = 176 - 172. Suppose -11*c - t*a = -9*c - 946, -4*a = -4*c + 1892. Is c a composite number?
True
Let u = 137247 + 15350. Is u a composite number?
False
Let o = 176672 - 72871. Is o a prime number?
True
Let k be -4 + (-146 + 5)/((-2)/(-104)). Let q be ((-9)/(-18)*-1)/(1/k). Let h = q - -5729. Is h a composite number?
False
Suppose 0*r + r + 5*c - 15 = 0, -4*r + 4*c - 12 = 0. Suppose r = -u + f - 11 + 27, f + 76 = 5*u. Suppose 3*k - 162 = -5*b, u = b - 6*b. Is k a composite number?
False
Let m(z) = 154799*z + 126. Let w(u) = -30960*u - 25. Let r(t) = -2*m(t) - 11*w(t). Is r(1) a prime number?
False
Let x(t) = t. Let y(d) = -2*d + 3. Let u(m) = 3*x(m) + y(m). Let r be u(1). Suppose r*p = 0, -3*k + 326 = -k + 2*p. Is k prime?
True
Suppose 0 = 10*p - 1011086 - 3581184. Is p a prime number?
False
Let i be (-1)/(-2)*((-2 - -3) + 9). Suppose -i*m - 4898 = -2*d + 1676, 0 = -d - 3*m + 3265. Is d a composite number?
True
Let a(j) = j**2 + 3*j + 340. Suppose 2*r + 3*r = 2*r. Let w be a(r). Suppose -i + g = -0*i - w, 3*g + 3 = 0. Is i a prime number?
False
Let d(f) = 75 - 74 - 194 - 712*f + 2071*f. Is d(10) a composite number?
False
Suppose -114*d - 7632580 = -134*d. Is d a composite number?
False
Is 58529/1*(14 - (7 + 6)) a prime number?
False
Suppose 0 = -6*c + 30 - 6. Suppose -c*y = y + h - 29251, 23408 = 4*y - h. Is y prime?
True
Suppose 11*t - 19*t - 477999 = -17*t. Is t prime?
False
Suppose 7*v - 194757 = 122844 - 62444. Is v composite?
False
Suppose -3*p = 0, l + 22 = -4*p - 13. Let y = -29 - l. Is (y/(-12))/(1/(-1282)) a prime number?
True
Let u be (-6)/(-4)*3/(72/64). Let d(t) = 362*t**3 + 6*t**2 - 11*t + 7. Is d(u) a composite number?
False
Let y be 92778/18 + 4/6. Suppose y = 5*h + u - 9545, -h + u = -2934. Is h composite?
False
Let h be (-54444)/(-4 + -2) - 4/(-1). Suppose -5*r = -k + h, k = -5*r + 2*r + 9118. Is k a prime number?
True
Suppose -18*c = -204205 - 125897. Is c a prime number?
False
Is (850965*(-10)/(-600))/(1/4) composite?
False
Let o(m) = -5*m**3 - 102*m**2 - 95*m - 21. Is o(-29) a prime number?
False
Suppose -29*l + 24*l = 15. Is 56084/84*(0 - l) a composite number?
False
Let f be (-271)/(3/(-5) - (-160)/350). Let c = f - 570. Is c prime?
True
Let z be (1 - 1) + (0 - -2) - 134. Let u = 29 - z. Is u a composite number?
True
Let d(o) = -58*o**2 - 36*o**3 + 54*o**2 - 3*o + 7*o + 4. Let n be d(-2). Is ((-93)/3)/(800/n + -3) a composite number?
True
Let g be ((-75)/15)/((-2)/300). Let q = -215 + g. Suppose -1470 = -5*d + q. Is d a composite number?
False
Let h be (-42)/(-8) + (-7)/28. Suppose -w + 2068 = h*f, -5796 = -2*w + 4*f - 1674. Is w prime?
True
Suppose -2*j + 349 = 3*s - 9420, -2*s - 24451 = -5*j. Is j a prime number?
True
Let x(q) = 230*q + 145 - 69 - 75. Suppose 4*u - 15 = u. Is x(u) prime?
True
Suppose -a + 14 = -3*n + 13, 5*n + 4*a = -13. Is ((-1541)/3 - n)/((-148)/2886) a prime number?
False
Let o(u) = u**3 + 5*u**2 + 8*u + 46. Let c be o(-5). Suppose 0 = -2*y + 4, -3*y + c*y = 4*d - 3262. Is d composite?
True
Is 19 - 7 - (61 - 309672) a composite number?
False
Suppose -2*n + 5*s + 123 = 0, -2*s - 179 = 3*n - 6*n. Let u = 327 + -327. Suppose 4*b - 3*o - 286 = -n, u = -2*b - 4*o + 130. Is b a composite number?
False
Is 1*(-573826)/(-2)*(-189 - -190) prime?
False
Let g(f) = 564*f**2 - 5*f - 6. Suppose -319 = -b - b + 5*j, 2*j = -2*b + 284. Let r = -148 + b. Is g(r) a prime number?
True
Let t(a) = -10484*a + 359. Is t(-3) a prime number?
False
Let b be (4/((-32)/(-12)))/((-2)/(-4)). Is (1 - -14072)/(b/18*6) prime?
False
Let r(g) = 2873*g - 5739. Is r(8) prime?
False
Suppose -2*v - 4*x + 29030 = 0, 7*v - 4*v = 7*x + 43623. Is v a prime number?
False
Suppose 4*y + 8 = 3*q - 5, -4*q - 4*y = -64. Suppose -8 + 3 = -5*g + 5*o, g = -2*o - q. Is 2/g*5247/(-22) composite?
True
Suppose 14*x + 11*x = -12*x + 600177. Is x prime?
False
Let o = -191970 + 288553. Is o prime?
False
Let x be 0 + (-1)/(2*4/(-16)). Suppose 1652 = 2*o - 4*s, x*s + 0 = 8. Is -4 + (-2)/2 + o prime?
True
Suppose m + 1 = -7. Let g(i) = -2*i**2 - 17*i + 8. Let f be g(m). Is f/5 + -3 - 1302/(-15) a prime number?
False
Is 13 - 1159060/((-70)/7) a prime number?
False
Let m = 3370119 + -2266420. Is m a composite number?
False
Let z = 19984 - -6310. Is z a composite number?
True
Let i be (-52)/(-9) - (56/(-9) + 6). Let j be 4 - ((-8)/(-24) + (-8)/i). Suppose -29799 = -j*w - 7874. Is w prime?
False
Let a be (-1)/1*(-1)/(3/507). Suppose 16*n = 71 + a. Suppose n*c - 11*c = 436. Is c prime?
True
Suppose -5*y - 146851 = -3*k, 2*y + 28 - 36 = 0. Is k composite?
True
Let u be (4 - (1 - -2)) + 4 + -2. Suppose d + x + 6986 = 4*x, u*d + 4*x + 21010 = 0. Let j = 9961 + d. Is j composite?
False
Let f = 343132 + -222321. Is f composite?
False
Let q(u) = -u**3 + 6*u**2 - 4*u - 5. Let l be q(5). Suppose l = -5*r + r. Suppose -2*f + f + 97 = r. Is f a composite number?
False
Is 11635 + (-5)/((-40)/(-144)) prime?
True
Let m be (-2)/(-7) + 40/(-140). Let c = 6 - 3. Suppose -c*l + 634 + 227 = m. Is l prime?
False
Let z = -2990 + -4312. Let v = z - -10367. Is v a composite number?
True
Let x(u) = -18*u**2 + 16*u - 21. Suppose -z - 20 = -6*z. Let f(g) = 17*g**2 - 16*g + 20. Let c(d) = z*f(d) + 3*x(d). Is c(11) prime?
False
Suppose v - 1662164 = -7*k + 2*k, 9*k + 6648569 = 4*v. Is v a composite number?
False
Suppose -82*c + 78*c = 88. Is 11*(634/3)/(c/(-33)) a composite number?
True
Let y(r) = -r**2 + 13*r + 27. Let b be (-2)/14 + 156/14 + 2. Let z be y(b). Suppose 1754 = -25*q + z*q. Is q prime?
True
Let b(o) = 15*o**3 + 2*o**2 + o + 1. Let t = 409 + -404. Is b(t) prime?
True
Let k = -682964 + 1321561. Is k composite?
True
Let h(w) be the third derivative of 61*w**9/60480 - w**7/1008 + w**6/720 - 7*w**5/10 - 2*w**2 - 3*w. Let b(d) be the third derivative of h(d). Is b(2) prime?
True
Let j(m) = -12*m - 46. Let g(u) = u - 1. Let l(p) = 10*g(p) + j(p). Let t be l(-28). Suppose -3 = -4*a + 9, t = -5*x + 2*a + 3059. Is x prime?
True
Let q(o) = 4*o**3 - 301*o**2 + 151*o - 31. Is q(86) prime?
True
Let q = 136 + 867. Suppose w + 0*w + q = 0. Let l = 1634 + w. Is l composite?
False
Let t(f) = -f**3 - 5*f**2 + 11*f - 17. Let s be t(-7). Suppose 4*z + 2355 = k - 728, s*k + 2*z - 12332 = 0. Is k composite?
False
Let g = 141 - -6508. Suppose -g = -r - 1066. Is r a prime number?
False
Suppose -5*j + 3968169 = 14*n, -2*j = n - 2*n + 283443. Is n a prime number?
False
Let n(f) = 13*f**2 + 83*f + 39. Is n(-40) prime?
True
Let w be -3 + 0 + 9/3. Suppose w = u + 4*u - 195. Is u prime?
False
Let p(o) = -10 - 659*o + 322*o + 327*o + 23531*o**2. Is p(-1) a prime number?
True
Let k = -806 - -811. Suppose 74072 = 2*v + 2*s, -10868 - 26180 = -v - k*s. Is v prime?
False
Is ((-1487580)/100)/(((-6)/45)/(14/21)) composite?
True
Sup